 + -5?
-42844
In base 15, what is 1 + 61d6d?
61d6e
In base 12, what is -50 + -2a75?
-2b05
In base 5, what is -10210 + -14004?
-24214
In base 14, what is 64c + -9?
643
In base 10, what is -6214 + 10?
-6204
In base 16, what is -a + -2a1?
-2ab
In base 13, what is -a26 + -3?
-a29
In base 9, what is -323 + 284?
-28
In base 7, what is 2132242 - 0?
2132242
In base 16, what is -101a + -46?
-1060
In base 12, what is 0 + -190346?
-190346
In base 10, what is 38489 - -118?
38607
In base 5, what is -1 + 10132323?
10132322
In base 4, what is -3230322 + -2?
-3230330
In base 10, what is -5 - -47139?
47134
In base 8, what is -73627 - 0?
-73627
In base 5, what is -302 - 1403?
-2210
In base 8, what is 2 + -51141?
-51137
In base 8, what is -44200 - -6?
-44172
In base 11, what is 567 + 29?
595
In base 6, what is -104104 - 2?
-104110
In base 15, what is -a + -bb3?
-bbd
In base 15, what is -1905 - -101?
-1804
In base 16, what is -b5784 + 4?
-b5780
In base 8, what is 1 - -105113?
105114
In base 12, what is -13 - -2b237?
2b224
In base 15, what is 15 - -3720e?
37224
In base 5, what is -141 - -321120?
320424
In base 14, what is -1a1 - -1d61?
1ba0
In base 15, what is 2 - -23142?
23144
In base 14, what is -786 - -9?
-77b
In base 7, what is 2103136 + 0?
2103136
In base 6, what is -2054410 + -5?
-2054415
In base 11, what is -5 + 30364?
3035a
In base 2, what is -1010000101 + 100011001101?
11001001000
In base 15, what is 3ab75 - -1?
3ab76
In base 5, what is -14433 + 12234?
-2144
In base 16, what is 436 - 18?
41e
In base 4, what is -32 + 100132?
100100
In base 8, what is 15342742 - 1?
15342741
In base 12, what is 61 - 1a0?
-13b
In base 10, what is 3041 + 37?
3078
In base 9, what is 555342 - -4?
555346
In base 14, what is 2c054 + 5?
2c059
In base 10, what is 426 + -401?
25
In base 11, what is -6679 - 3?
-6681
In base 4, what is -2 + 2333023?
2333021
In base 9, what is -37482 - -5?
-37476
In base 12, what is 7 + 89634?
8963b
In base 3, what is 11011100 + 211?
11012011
In base 14, what is 71 - -4d?
c0
In base 8, what is -7555 - 300?
-10055
In base 6, what is -2252 + -202?
-2454
In base 4, what is -3021032 + -111?
-3021203
In base 3, what is -212 + -102222?
-110211
In base 12, what is 81aa3 + -3?
81aa0
In base 7, what is -5 - -315220?
315212
In base 7, what is -22044 + -20?
-22064
In base 10, what is 4442 - -9?
4451
In base 15, what is 8 + -4373?
-436a
In base 5, what is -403 - 132?
-1040
In base 3, what is -2 - 21112122?
-21112201
In base 15, what is 18c + b40?
ccc
In base 5, what is -14 + -1330333?
-1330402
In base 8, what is 4 - 45571?
-45565
In base 14, what is 337 - -16?
34d
In base 10, what is 20 - -9353?
9373
In base 13, what is -a7 - -16a?
93
In base 13, what is -a4 + -367?
-43b
In base 5, what is -2200241 + -2?
-2200243
In base 8, what is 3 + 254672?
254675
In base 7, what is -1534 - -1130?
-404
In base 7, what is 15313 - 6?
15304
In base 14, what is -20c - -20?
-1cc
In base 16, what is -5 - -474df?
474da
In base 5, what is -11140 - -2?
-11133
In base 12, what is -412b4 - -1?
-412b3
In base 12, what is 5a6 + 42?
628
In base 6, what is -102 - 152401?
-152503
In base 13, what is -9 - -1917?
190b
In base 16, what is b + 65c1?
65cc
In base 14, what is -5 - -d216?
d211
In base 2, what is 101110011111111 - -101?
101110100000100
In base 10, what is -819615 + -3?
-819618
In base 10, what is 1131839 + -4?
1131835
In base 14, what is 1 + -3b36?
-3b35
In base 13, what is 6 + -115870?
-115867
In base 14, what is -2d - 3c9c?
-3ccb
In base 14, what is 5 - -759?
760
In base 9, what is -2353 - -1337?
-1015
In base 16, what is 9a - -bc0?
c5a
In base 9, what is 176662 + -5?
176656
In base 6, what is -35 - 5454?
-5533
In base 8, what is 33405450 - 1?
33405447
In base 8, what is 43535 - 1?
43534
In base 4, what is 101 - 3230332?
-3230231
In base 5, what is 10 + -1034002?
-1033442
In base 10, what is 45514 + 11?
45525
In base 7, what is -65 + 13640?
13542
In base 13, what is -5 - 8004?
-8009
In base 6, what is 11 - -234010?
234021
In base 6, what is 453 + 402?
1255
In base 16, what is -2fd - c5?
-3c2
In base 11, what is 5955 + -26?
592a
In base 2, what is -100011110110100 + -1000001?
-100011111110101
In base 15, what is 1a + -c?
d
In base 13, what is -3 + b957?
b954
In base 15, what is -69caa - 4?
-69cae
In base 2, what is 101 + 111000100010011101?
111000100010100010
In base 3, what is 101 + -1110122212?
-1110122111
In base 9, what is 128564 - -3?
128567
In base 7, what is 25 - -4434?
4462
In base 15, what is 3932 - -e?
3941
In base 2, what is -11011001 + -1011000?
-100110001
In base 13, what is 36 + -141a?
-13b4
In base 14, what is -5 + -2ba9c1?
-2ba9c6
In base 4, what is 12201 - -2230?
21031
In base 10, what is -4 + 178716?
178712
In base 8, what is 37374 + 6?
37402
In base 9, what is -318 + 473?
154
In base 16, what is 7696 - -a?
76a0
In base 10, what is -15471 + 5?
-15466
In base 13, what is -5 - -40ab?
40a6
In base 13, what is -8 + -224b0?
-224b8
In base 7, what is 4 + 50530?
50534
In base 13, what is -4 + -1879?
-1880
In base 2, what is 1001110101001 + -1110?
1001110011011
In base 7, what is 664 + -2013?
-1016
In base 8, what is -1022 + 11453?
10431
In base 8, what is 17 + -11070?
-11051
In base 5, what is 213 + 114400?
120113
In base 8, what is 30475 + 407?
31104
In base 15, what is -1a5219 - -2?
-1a5217
In base 14, what is 1 + 23089?
2308a
In base 9, what is 86 + -10637?
-10541
In base 16, what is -c81a + 1?
-c819
In base 16, what is -f5a - 2c?
-f86
In base 12, what is -43 + 26b?
228
In base 3, what is -11020000 - -101012?
-10211211
In base 3, what is 1012 + 1000?
2012
In base 3, what is 21111 + -10212?
10122
In base 4, what is 10221321 + 1?
10221322
In base 10, what is 12 - 582?
-570
In base 10, what is 1 + -85790?
-85789
In base 11, what is -5 + a61?
a57
In base 13, what is -555b - -3?
-5558
In base 16, what is b - a2?
-97
In base 5, what is 2134101 - 11?
2134040
In base 14, what is -6 + 5bd0?
5bc8
In base 11, what is 4055 - 34?
4021
In base 4, what is 11 - 3133203?
-3133132
In base 9, what is 60 - -2658?
2728
In base 3, what is -101 + 101222201?
101222100
In base 10, what is -24531 - 4?
-24535
In base 15, what is -3 + -3384?
-3387
In base 2, what is -110111000101110 - 10?
-110111000110000
In base 16, what is 5e - -1ca?
228
In base 16, what is -1eb + -4?
-1ef
In base 12, what is 3a130 + -6?
3a126
In base 7, what is 151 - -12653?
13134
In base 12, what is 2b - -1830?
185b
In base 11, what is 0 + -431108?
-431108
In base 6, what is 115 - -31143?
31302
In base 15, what is -65 + -137?
-19c
In base 9, what is -177676 + -3?
-177680
In base 7, what is 1 + -14463?
-14462
In base 7, what is 201 - 12?
156
In base 13, what is -125c - 3c?
-129b
In base 8, what is 10 + 1657050?
1657060
In base 14, what is -201d - 8?
-2027
In base 6, what is 430 + -13054?
-12224
In base 5, what is -1324 + 30022?
23143
In base 4, what is -3 + 10010203233?
10010203230
In base 5, what is -4 + -2134413?
-2134422
In base 14, what is 491c92 + 2?
491c94
In base 12, what is 1315391 + 2?
1315393
In base 13, what is -4 + 11642?
1163b
In base 13, what is 1a - cb4?
-c97
In base 9, what is 11814 - -41?
11855
In base 12, what is -835 + 86?
-76b
In base 9, what is 741851 + -5?
741845
In base 15, what is 1 - 5d0?
-5ce
In base 14, what is 1369 - -4?
136d
In base 12, what is 79 + 22?
9b
In base 3, what is 11 - -11112220002?
11112220020
In base 2, what is 11 + 1000000110111100000?
1000000110111100011
In base 5, what is 321 + -111002?
-110131
In base 6, what is -20344 + 3245?
-13055
In base 7, what is -1411 - 1243?
-2654
In base 5, what is 441 - 23210?
-22214
In base 10, what is 61 + 5903?
5964
In base 5, what is -31140 - -10?
-31130
In base 8, what is -6021 + 140?
-5661
In base 3, what is -102121101 + 11?
-102121020
In base 3, what is 111121212 - 1211?
111120001
In base 2, what is 111001010101100111 + -10011?
111001010101010100
In base 12, what is -216567 - -5?
-216562
In base 16, what is 9 - 1a24?
-1a1b
In base 7, what is -515430 + -4?
-515434
In base 14, what is 759c + -44?
7558
In base 2, what is 1010 + -1000111000000010000?
-1000111000000000110
In base 4, what is -20332 - 10102?
-31100
In base 11, what is 5 + -758680?
-758676
In base 3, what is -22102 + 22001?
-101
In base 14, what is -77 - -2dc7?
2d50
In base 15, what is 